Calculate 4 + (-10 + (2 - -28) + -10 - 5).
9
-26 - (-25 + (-27 - -8))
18
22 + -8 + 8 + -10 + -24
-12
What is the value of -16 - (-16 + (4 - -13) - (2 + 1))?
-14
34 + -4 + 18 + -48
0
What is the value of -10 + (0 - -3 - -10) + 8?
11
What is the value of (-6 + -4 + 6 - 6) + -1?
-11
What is (3 - (0 + 2)) + 6 + -2638 + 2629?
-2
Evaluate -2 + (-14 - (-7 + -7)).
-2
What is 31 - 29 - (-37 - -7)?
32
Evaluate (-26 - (12 - 24) - -11) + (4 - 30).
-29
What is (-7 + (-15 - -32) - (1 - -4)) + -6?
-1
What is 28 + -38 + -13 - -29?
6
Calculate (754 - 747) + (2 - (-2 - (2 - 4))).
9
Calculate (40 - (-45 - -86)) + (-2 - (-29 + -3)).
29
Evaluate 0 + 4 - (-158 - -171).
-9
-87 + 55 - (0 + -11)
-21
What is -2 + -9 - (20 - 50) - (-7 - -4)?
22
Calculate -13 - ((5 + -16 - -9) + 1 + -2).
-10
-10 + 18 + -8 + 2 + -1
1
What is 8 + (-20 - -4) + 24?
16
What is the value of -8 - (-2 - -9 - 13)?
-2
Calculate (-20 - -15) + 0 + (16 - 1).
10
-9 + -3 - (220 + -217)
-15
Evaluate (-3 - (1 + 0) - 0) + -13 + 13.
-4
What is the value of -20 + 18 + 42 + -27?
13
What is the value of -3 + -1 + 0 - ((-3 - -9) + -10)?
0
What is -11 - (0 + (6 - 36 - -12 - 6))?
13
Calculate -7 + 14 + -19 + 8.
-4
Calculate 13 + -18 - -2 - (6 + 0).
-9
Evaluate -1 - 2 - (-14 - (58 - 54)).
15
What is -23 - (-15 + (40 - 29) + 9 + -1)?
-27
Calculate (-16 - -1) + 8 - (10 - (12 + 8)).
3
Calculate 13 + (-15 - -19) + (0 - 13).
4
Evaluate -686 + 663 + 8 + -5 + 2.
-18
6 - (9 + (-2 - (-7 + -22)) - -2)
-32
What is the value of (-9 + 26 - 8) + -18 + (-3 - 9)?
-21
What is 16 - (18 - (-2 + -11 + 24))?
9
Evaluate -6 + 0 + -18 + (2 - -11) + 1.
-10
Evaluate (-2 - 1) + (3 - (-6 + 5)) + 4.
5
(-24 - (13 + -12)) + -4
-29
What is the value of 14 - (-18 - -20 - 12)?
24
Calculate (15 - (-2 + (-2 - -2) + 8)) + 1.
10
Evaluate (-1 - -2) + -13 + -8 + 0 + 9.
-11
Calculate -18 - (-18 - -25 - -9).
-34
What is -2 + 0 + 2 - (-12 - (-39 + 15))?
-12
What is the value of -4 + (-6 - 0) - -10?
0
What is 8 - (1 - (-11 + 6)) - 0?
2
What is (19 - 14) + 17 - 12?
10
Calculate 1 + -4 + 12 + -2.
7
What is the value of -14 + 19 + -14 + 12?
3
What is the value of 18 - (24 + -41 - -5)?
30
0 + -1 + 2 + (91 - 104)
-12
What is the value of -19 + 10 + 11 - -2?
4
What is -9 - (-7 - (-5 - -9))?
2
-12 - ((2 - -3) + -23 + 15)
-9
(-79 - 14) + 35 - -31
-27
Calculate 2 + -1 + -46 + 44.
-1
What is the value of 8 - (-1 - -2 - (20 - (-10 - -38)))?
-1
What is the value of -17 - 0 - (-4 + 7)?
-20
What is the value of (-13 - (4 + -21)) + 8?
12
What is the value of -6 + (-2 - -13) + 2 - 15?
-8
What is the value of -6 - (-3 + 7 + -18) - 12?
-4
-8 - (-16 + (-18 - -35))
-9
What is the value of -5 + -5 + (13 - 7) - -5 - 5?
-4
Calculate -7 - -4 - (-47 + 17).
27
What is the value of -2 + -14 - -3 - (20 + -20)?
-13
What is the value of 1 + 17 - (24 + (-21 - -1))?
14
What is 10 + (-24 - 1) + -8?
-23
-43 + (16 - (9 - 0)) - -11
-25
Evaluate (-13 + 24 - -4 - 12) + 0 + -2.
1
(411 - 390) + 1 + -15
7
-24 - -9 - (3 - 10) - (2 - -1)
-11
What is the value of -8 - (-22 + -3 - -2)?
15
12 - (-9 + 2 + 24)
-5
0 - 9 - -32 - (0 + 11)
12
Calculate 0 - (4 + -5) - (-4 + 41 + -1).
-35
What is -1 + -4 - (-103 + 88)?
10
-8 - -26 - 5 - (14 - 8)
7
What is the value of -30 - (5 + 4 + -16 - -1)?
-24
What is the value of 15 - (-1 + 20 + (-106 - -105))?
-3
24 - 23 - (-1 + 1 - 4)
5
What is (43 - (30 - -32)) + -5?
-24
What is 1 + -1 + (-3 + 9 - 19) + 21?
8
What is the value of 87 + -100 - (-16 - 0)?
3
What is (-16 - -4) + 0 + (0 - (2 + 2))?
-16
Calculate 6 - (84 + -78 - ((1 - 3) + -32)).
-34
Calculate (29 - 85) + 11 + 22.
-23
Evaluate 0 + 4 + -11 + 0 + 4 - 9.
-12
What is -14 + (-13 - -28) + (2 - 0)?
3
Evaluate 1 + 5 + -2 + 28 + -14.
18
Evaluate -4 - (12 - 4) - -28.
16
What is the value of -15 + -20 + 12 + 4?
-19
Evaluate 21 + -35 + (-10 - -33).
9
Evaluate (2 - -11) + -26 + 10.
-3
2 + 24 - (-25 + 38)
13
Calculate (-47 - -27) + 10 + -12 + 0.
-22
(-118 - -116) + -1 + -1 + 7 - 24
-21
Calculate 17 - (2 - (-29 + 1)) - -17.
4
(5 - 0) + (-114 - -102) + 1
-6
11 + -4 - (5 - (-1 - 3) - -2)
-4
Evaluate -166 + 185 + -11 + 2 + 2.
12
Calculate 10 + -6 - 33 - (1 + -17).
-13
Evaluate 5 + 6 + -4 + 0.
7
What is the value of 7 + (20 - 37) + 20?
10
Calculate -3 + -1 + -3 - (4 + -10 + 11).
-12
What is (2 - (-1 + 1) - 9) + 14 - -11?
18
(0 - (2 - -1 - 2)) + -5 + -2
-8
Evaluate (2 - -5) + (-21 - (-31 + 14)).
3
Calculate -10 + 6 + -3 - (-4 - (-12 + 20)).
5
Evaluate 3 + 10 - (4 + (-3 - (5 + -2))).
15
Evaluate (3 - 13) + (46 - 7) + -10.
19
Evaluate 0 - (11 + -2 + (1 - 8)).
-2
Evaluate 0 + (-5 - 2 - -4) + 0.
-3
2 + 9 - (25 + (15 - 57))
28
Evaluate -5 - 2 - (-239 + 247).
-15
What is (-17 - (15 - 22)) + -16?
-26
What is (1 - (-3 + 1)) + (128 - 140)?
-9
Evaluate (21 - (-1 + 13 + -18)) + -6.
21
What is the value of -21 + 36 + -7 - 22?
-14
What is the value of -13 + -1 + 27 + -2?
11
Calculate 4 + 3 + -22 + (1 - 7).
-21
What is the value of -1 + 9 + (-5 - -14)?
17
1 + -17 + -15 + 19
-12
(-10 + -3 - (56 - 67)) + 3
1
What is 6 - (-2 + 6 + -4)?
6
What is the value of 22 + -36 - 15 - -51?
22
Calculate -1 - -15 - (11 + (48 - 31)).
-14
What is the value of 11 + 10 + -16 + 2?
7
Calculate -12 + -9 + (-1 - -3) + 1 - 1.
-19
(-1 - -1) + -72 + 81 + 2
11
(0 - 2 - -3) + 7 - (-54 - -59)
3
-23 + -4 + 6 + 9
-12
Evaluate -25 - (-14 + (-10 - -11)).
-12
What is (-28 - 12 - -26) + (-8 - (4 - 1))?
-25
Evaluate 18 + -24 - ((0 - 4) + -3 + 5).
-4
What is (12 - (1 - -4) - (6 - -1)) + -15?
-15
What is the value of 14 - (1 + (6 - (8 + (-5 - 0))))?
10
What is (-14 - -6) + 32 + -12?
12
Evaluate (-16 - -48) + -19 + -36.
-23
What is the value of (7 - -4 - (1 + 8)) + 12?
14
What is the value of -4 + (0 - -5) - (2 + 6 + -12)?
5
What is 5 - -2 - (12 - -1 - (-411 + 393))?
-24
What is the value of -23 - (-9 - 3) - 5?
-16
Evaluate (-8 - -13) + (0 - 1 - (0 - 3)).
7
What is -8 + 0 + (1 - (2 + -3)) + 0?
-6
What is 1 + -1 - (-28 - -13 - -75 - 26)?
-34
Evaluate -3 + (11 - 21 - 17) - -11.
-19
Calculate -23 - (16 + (-19 - 11)).
-9
Calculate (-4 - 1) + -1 + -7 + -1.
-14
What is 18 + (22 - 37) - (-9 - 3 - 2)?
17
Evaluate -16 + (38 - -4 - 25).
1
What is the value of -2 + 2 + -2 - (3 + 1)?
-6
0 + (-5 + -2 - 3) - (-2 - 4)
-4
Evaluate (-14 - -10) + -14 - -1.
-17
3 - (3 - -13) - -2
-11
Evaluate 84 + -79 - (-1 - -11 - 1).
-4
What is the value of 8 + (-1 - 15 - -14) - 39?
-33
(8 - 2) + -3 + (1 - -7 - 3)
8
Evaluate 1 + (0 - (0 - -6)) - (-7 - 14).
16
What is 5 + -7 + 13 + (2 + 12 - 23)?
2
What is 18 - 16 - 18 - -19?
3
What is 2 - (-4 + 11 + -11 + 15)?
-9
Calculate (22 - 24) + 3 + -1 + 10.
10
Calculate 5 + 13 + 4 + -2.
20
What is 2 + 25 - (-254 + 290)?
-9
Calculate 14 - (-5 - (4 + -11 + 4)).
16
What is -9 - (-28 - ((0 - 15) + (45 - 39)))?
10
-40 + 1 + (-5 - (-49 - -43)) - -8
-30
Calculate (27 - 0) + -81 + 88.
34
What is (10 + -2 - -32) + -8 - 14?
18
What is -1 + 2 + 0 + 4 + (0 - -16)?
21
Evaluate 3 + (15 - 6) + -8 + 10.
14
Evaluate -9 - (0 - -2 - (-22 - -22)).
-11
What is the value of 6 + (1 - 6) - (-6 + 21)?
-14
What is 37 + (-33 + 32 - 27)?
9
What is the value of (-31 - 5) + 40 - (-25 - -4)?
25
What is -14 + 35 + -18 + 27?
30
Calculate -1 + -24 - -18 - (0 - 1).
-6
Evaluate -2 + (-2 - (-1 + -1)) + 107 + -124.
-19
Calculate 10 + (8 - 15) - -12.
15
What is (-5 - -14) + (1 - (-5 - 1) - 4)?
12
What is the value of -3 + -11 + -4 + 2 + 20?
4
Calculate -4 - (5 + -6 + 5).
-8
(-88 - -81) + -1 + 16 + (-3 - -12)
17
Calculate -11 + -19 + -2 + (-3 - -10) + 3.
-22
(23 - 7) + -6 + -4 + 5
11
Calculate 44 - -1 - (-1441 + 1462).
24
Evaluate (-1 - (-11 + 12)) + 8.
6
Calculate -21 + (-2 + -11 - (-20 - -14)) + 10.
-18
15 - 30 - -10 - (0 + -5)
0
Calculate -10 + 13 - 2 - (2 + 8) - -3.
-6
-2 + 0 + (134 - 115)
17
(0 - -1) + (9 - -6 - 20)
-4
What is the value of -19 - (-32 + 5) - -4?
12
What is the value of 0 + 10 + -6 + (1 - -5)?
10
Calculate (-124 - -114) + (-1 - -6).
-5
What is -11 + -1 - ((-3 - -11) + -17)?
-3
What is (6 + (8 - 7) - 11) + -12?
-16
What is (-24 - (39 + -43)) + 31?
11
6 + 5 + -20 - -3 - -23
17
What is the value of (-13 - -3 - (22 + -41)) + (1 - 14)?
-4
Calculate (-15 - (7 + -13)) + 36 + -9.
18
What is 0 + (20 - 89 - -18) - (-9 - 3)?
-39
Evaluate -17 + -24 + 22 + -6 + 16.
-9
12 - (7 + -23 - -15)
13
What is the value of 1 + -4 + 0 + (-25 - -25)?
-3
-53 + 44 + 1 + -2
-10
Evaluate (-4 - 3) + (29 - 26) - (1 - 3